alculate (-77 + 86 - (21 + 1)) + 26.
13
Calculate 281 + -249 + (-80 - -3) - 91.
-136
(-6 - 0) + -3 + 0 + 26 - -5
22
What is 12 + -14 + 59 - (2 - -6 - (-6 - -7))?
50
Evaluate 0 + 0 - (-3 + 46) - (2036 - 2048).
-31
Evaluate 1 + 16 - (99 + 26 + -102) - -6.
0
(-10 + 13 + -1 - 0) + 12 + 3
17
Evaluate 3 + -29 + (17 - (54 - 39)) + 3.
-21
What is -2 + (-9 + -12 - ((-6 - 7) + 0))?
-10
What is 49 + -20 + 19 - 68?
-20
What is 205 - 72 - 173 - (1 - (0 + 0) - -7)?
-48
What is the value of -38 - (40 - 72) - 35?
-41
What is 13 - 17 - (38 + -7 + (-4 - -10))?
-41
What is 1 + -31 + 1 - 0 - (1191 - 1195)?
-25
What is the value of -15 - -14 - (-28 + 44)?
-17
Evaluate 84 + -87 + (2 - 0 - 5) + 3 - -31.
28
What is the value of -116 + 139 + -2 + -30?
-9
What is the value of -36 + 38 + 9 + -29?
-18
What is the value of 2 - (21 + 0 - (-19 + -4 + 19) - 10)?
-13
-22 - (-60 - -150 - 194)
82
What is (0 - 2 - -6) + 6 - (-69 + (31 - 15))?
63
What is 50 + (0 - (-7 + (-4 - (13 + -24)))) + -10?
40
Evaluate (13 - (109 + -60 + 5 + -5 + -1)) + -6.
-41
-43 + 64 - 123 - -53
-49
Evaluate 152 - 175 - (-61 + 10).
28
What is the value of 14 + 4 + (103 + -82 - 78)?
-39
What is the value of 40 - (-58 - -185) - -119?
32
Evaluate 93 + 59 + -49 + -63.
40
Evaluate 3 + 42 + -6 + (-37 + 26 - (-1 + -20)).
49
Calculate (2 - -3) + -22 - (29 + -68 - 51).
73
3 + (25 - ((13 - -54) + -9))
-30
-57 + 15 + (-14 + 17 - -13)
-26
What is (11 - -1 - (-19 - (19 - 104))) + (-1 - -11)?
-44
What is the value of -2906 + 2894 + (29 - 0)?
17
Evaluate (77 - 136) + 14 + 81.
36
Evaluate 50 + 30 + -83 + -126 + -1.
-130
(-2 - (-24 - -89) - -26) + -55
-96
Calculate -68 - 1 - (-38 - (-85 + 50)).
-66
What is the value of -12 + (-1 - 1) + 12 - (-1 + (-50 - 16))?
65
What is the value of (-3 - -6 - 0 - (32 - 48)) + -1?
18
What is the value of -13 - -25 - ((-21 - -23) + -4 + 39)?
-25
(-16 + 30 - 7) + (-1 - (-9 + 50))
-35
What is the value of -1 - -6 - (5 - -1 - (99 + -42 + -35))?
21
Calculate 6 + (-19 - 31) + -12 + (2 - 1) + -11.
-66
27 + -2 + 14 - (-32 + 71)
0
83 + (14 - 1) + -16 + 51 + -45
86
-5 - ((16 - ((2 - -1) + -10 - -7)) + -9)
-12
What is the value of 49 + -1 + -20 - 56?
-28
Evaluate 1 - 0 - (14 - 58 - (5 + -5)).
45
What is -1 + -2 + 7 + (-6 - 15) - -65?
48
What is the value of (-129 - -138) + (3 - 2) + 4 - 14?
0
What is the value of 1672 + -1617 - (3 - -34)?
18
What is 14 + 5 + -11 + 7 - (9 + 96)?
-90
Evaluate -3 + 9 - (-1 - 9 - (-274 - -219)).
-39
-13 + 14 + (-24 + 24 - (-89 + -1 - -1))
90
(404 - 376) + (10 - 5)
33
What is 81 + 0 + (-246 - -270) - -1?
106
What is the value of -100 - (-36 + 44 + -46)?
-62
What is ((25 - 15) + -9 - -9) + -8 + -42 + 0?
-40
Evaluate 4 + 2 + (76 - 5 - 132).
-55
What is the value of 42 + (-39 - (127 + -128))?
4
Calculate (180 - 86) + -103 - (-4 + 96).
-101
(-3 - 7) + -50 - 0 - (2 - (5 - -3))
-54
What is (-312 - -325) + (11 - 3) + (27 - 1)?
47
-2 + 4 - 23 - (-78 + -255 - -336)
-24
Calculate 10 + 60 - 38 - (2 - 7).
37
What is the value of (0 + 2 - 1) + (53 - 170 - -33)?
-83
Evaluate -61 + -21 + 71 + -22.
-33
What is 2 + -1 + 12 + -5 + -2 + 19 + -21?
4
Evaluate -6 + (43 - (51 - 39)).
25
Calculate -48 + 84 - (2 + -5 + -1 + 8).
32
What is -2 - 3 - 11 - (49 - (40 - 32))?
-57
-51 + 3 + 48 + 35
35
What is -36 - (-49 + 17 - 35)?
31
What is -197 - -270 - 86 - (0 + 0 + -1)?
-12
Evaluate 36 + 19 + (-10 - 54).
-9
Calculate (-16 - 0) + -3 - (0 - 31 - (816 + -853)).
-25
What is (-6 - -6 - 7) + 5 + -5 + 2 + -5?
-10
What is -47 - -17 - (-25 + (13 - 35))?
17
Evaluate 12 + -2 + -3 + 9 + (-7 + 2 - -5).
16
Evaluate (13 + -36 - -85) + -41.
21
What is the value of 18 - (-169 + 47 + 0)?
140
Calculate (-5 - -2) + -12 + (-51 - -55) - (-1 + 65).
-75
Calculate -16 + 30 + 12 + -20 - -21.
27
What is -2 + 10 + -2 + (-66 - (-2 - 2)) + 4?
-52
What is the value of 55 + (-73 - (-55 - -39))?
-2
Evaluate -19 + 23 + -2 + 12 - -11.
25
(2 + -5 - 6) + (157 - 157)
-9
Evaluate 1 + (80 - -6) + -84.
3
What is 19 - (9 + 36 + -15 - -86)?
-97
What is 5 + 31 - (54 + -26)?
8
19 + 19 + -29 - ((3 - 0) + 2)
4
What is the value of 42 + -1 - (-29 + (-9 - -41)) - 0?
38
Evaluate (-3 + 7 - (0 + -30)) + 65 + -53.
46
Calculate (3059 - 2950) + -5 + -48.
56
Evaluate -2 - (12 + -5 + -9 + -5) - -25.
30
What is (2 - -97) + (-42 - (184 - 199))?
72
Evaluate -26 + (-3 - (-6 - -2 - -4) - (-10 + 4)).
-23
Evaluate (0 - 9) + 6 - (-21 - -3).
15
What is (-7 - (-17 - (12 + -16)) - -10) + -13?
3
What is the value of 1 + 4 - (-7 - -2 - (12 + -63 - -14))?
-27
What is 28 - (65 + (-63 - -5))?
21
Calculate 47 + 64 + -126 - (4 - -76).
-95
10 + (4 + 6 - -56) + (-7 - 12)
57
14 + (-5 - -2) - (86 + -5 + -35)
-35
What is 5 + -1 + (2 + 2 - (18 - (-37 - 14)))?
-61
What is the value of -61 + -11 + (56 - 16)?
-32
What is the value of -39 + -25 + 46 - ((-1 - -3) + -2)?
-18
(4 - (58 - 42)) + -16
-28
What is (22 - 8) + -10 + (-9 - -16)?
11
Evaluate -123 + 114 + 26 + -85.
-68
Calculate 2 + -16 - (-38 + 22) - (62 - -6).
-66
Evaluate 109 - (96 - (-16 + 61)).
58
What is the value of (0 - 68 - 6) + (-25 - (-29 - -7))?
-77
Calculate 14 + (44 - 62) + 14.
10
1283 + (-1661 - -377) + (116 - -1 - (0 + 0))
116
Calculate -3 - 11 - (-27 + (0 + 5 - -19)).
-11
Calculate (-8 - 0 - -23) + -2 - 0 - 34.
-21
What is 3 - (-5 + (-10 - -14) - -13) - -58?
49
What is 20 + (-26 - -14 - 1) - -58 - -18?
83
Calculate 129 + -26 + -52 + 9.
60
(5 - (20 - 9)) + 39 - 16
17
Calculate (22 - 5) + -6 + -8 + (44 - 0) + 13.
60
Calculate 150 + (33 - 83) - 30.
70
Evaluate -33 + (7 - (2 + 11 + (27 - 29) - -1)).
-38
What is the value of (-163 - (-10 - 121)) + (0 - -3) + (-14 - -12)?
-31
-245 + 228 - (-1 + (3 - 94) - -5)
70
109 + -58 + (-1 - 13 - 11)
26
What is -15 - -1 - (-38 + (15 - -6) - -21)?
-18
What is the value of (0 - (2 - 3)) + (12 - (-9 - -4 - -3))?
15
Evaluate 480 - 480 - (15 - -2 - -3) - 17.
-37
(114 - 32) + (5 + -24 - 3)
60
-5 - (-6 + 1 - (-52 + 29 + -18))
-41
What is the value of -20 + 1 + (-9 + 2 - (149 + -155))?
-20
What is the value of -10 - (-38 + 7 + (40 - 20))?
1
Evaluate 6 + -2 + 2 + -3 - (-5 - 2) - 80.
-70
-83 + (23 - (18 + 5 + 5 + -11))
-77
Evaluate 2594 - 2577 - (1 - -59).
-43
Calculate -34 - ((-219 - -199) + 3 + -2 - -6).
-21
What is the value of (-10 - -5 - (-13 + (3 - (-11 - -13)))) + 53?
60
(-83 + 75 - -52) + -152
-108
Calculate -7 + -20 - (-149 - -143).
-21
Evaluate 20 + 0 + (1436 - 1488).
-32
Calculate (0 - 11) + (25 - (35 - 37)) + -19 + 3.
0
Evaluate -15 - (20 - (-17 + 18 - -10)).
-24
-1 - 7 - (-2 + 27) - (6 + -14)
-25
Evaluate 238 + -90 + 56 + -152.
52
Evaluate 4 + -13 + -3 + (17 - -101 - 57).
49
75 - (-97 + 267 - 34)
-61
What is 139 + -264 + 87 - (69 + -1)?
-106
What is the value of -6 + 19 + -8 + 6 + 1 + -17?
-5
Calculate 80 + -69 + -5 + (-3 - -12) + 59.
74
Calculate 48 + (-74 - -61) - -38.
73
63 + (70 - 65) - -80
148
What is the value of 7 - (-124 + 39 - -82)?
10
What is (104 - (57 - -66)) + 50?
31
Calculate -10 + 101 - 10 - (-122 + 137).
66
What is (20 - 63) + (18 - 11)?
-36
What is the value of 2 + -100 - (1707 - 1691)?
-114
What is (54 - -6) + -40 + -51?
-31
0 - (21 + -25 - ((-110 - 0) + 2))
-104
Calculate -75 - (47 + -139 + 46).
-29
What is the value of 34 + -26 + (-26 - -33) + 48?
63
What is 13 - (-95 - (-28 + -187))?
-107
Evaluate 59 + (6 - -78 - 89).
54
Evaluate 3 - (-12 + -3 + (-8 - -3)) - (243 - 247).
27
What is 6 + (3 - 19 - -9) - -23?
22
What is (-37 - (-55 - -7)) + 0 + -16 + 9?
4
What is 3 + (-10 - 75) + (-19 - -11 - -3) + 11?
-76
Calculate -6 - (1 + 17 - (-26 + 25 + 33 + -31)).
-23
Evaluate (4 - ((-21 - 2 - -18) + -5)) + 43.
57
Evaluate (-25 - 5 - -17 - -83) + -13.
57
Calculate (-3 - 50) + -1532 + 1587.
2
(-11 - -8 - -5) + (41 - -1) + 309 + -302
51
What is the value of (61 - 125) + 33 + -16?
-47
Calculate 28 + 2 + -8 + (-10 - -13) + 5.
30
Evaluate 5 + 115 - (-8 - -2 - (82 + -100)).
108
Calculate 24 + -5 + (0 - -5 - 9) + 30 + -167.
-122
Calculate (16 - 27) + 16 + -22 + 15.
-2
What is the value of (0 - (-45 + 54 + -31)) + -36?
-14
What is the value of 736 + -770 - (-30 - 0)?
-4
Evaluate -34 + (-2 - -10) - (25 + -9 - 11).
-31
What is the value of -20 - -12 - -13 - (20 + 30)?
-45
Calculate -7 - -22 - ((-8 - -16) + -7).
14
What is -15 - -22 - -14 - (53 - (-2 + 2))?
-32
-33 + 45 + (-11 - -12) - -143
156
Evaluate 8 - ((2 - (4 + 1)) + (-6 - -6)).
11
Calculate -36 + (-58 - 7) + 203.
